Last updated on 2025-09-22 20:49:38 CEST.
Flavor | Version | Tinstall | Tcheck | Ttotal | Status | Flags |
---|---|---|---|---|---|---|
r-devel-linux-x86_64-debian-clang | 0.8.1 | 7.81 | 73.90 | 81.71 | NOTE | |
r-devel-linux-x86_64-debian-gcc | 0.8.1 | 4.32 | 50.69 | 55.01 | NOTE | |
r-devel-linux-x86_64-fedora-clang | 0.8.1 | 129.70 | OK | |||
r-devel-linux-x86_64-fedora-gcc | 0.8.1 | 113.31 | OK | |||
r-devel-windows-x86_64 | 0.8.1 | 8.00 | 71.00 | 79.00 | OK | |
r-patched-linux-x86_64 | 0.8.1 | 6.82 | 68.17 | 74.99 | OK | |
r-release-linux-x86_64 | 0.8.1 | 7.34 | 66.95 | 74.29 | OK | |
r-release-macos-arm64 | 0.8.1 | 30.00 | OK | |||
r-release-macos-x86_64 | 0.8.1 | 52.00 | OK | |||
r-release-windows-x86_64 | 0.8.1 | 8.00 | 80.00 | 88.00 | OK | |
r-oldrel-macos-arm64 | 0.8.1 | 31.00 | OK | |||
r-oldrel-macos-x86_64 | 0.8.1 | 43.00 | OK | |||
r-oldrel-windows-x86_64 | 0.8.1 | 11.00 | 97.00 | 108.00 | OK |
Version: 0.8.1
Check: CRAN incoming feasibility
Result: NOTE
Maintainer: ‘Jan Fojtik <9afojtik@gmail.com>’
The Description field contains
Sobisek, Stachova, Fojtik (2018) <arXiv:1807.05926>.
Please refer to arXiv e-prints via their arXiv DOI <doi:10.48550/arXiv.YYMM.NNNNN>.
Flavors: r-devel-linux-x86_64-debian-clang, r-devel-linux-x86_64-debian-gcc