Last updated on 2025-09-22 20:49:51 CEST.
Flavor | Version | Tinstall | Tcheck | Ttotal | Status | Flags |
---|---|---|---|---|---|---|
r-devel-linux-x86_64-debian-clang | 1.8.0 | 78.62 | 25.56 | 104.18 | OK | |
r-devel-linux-x86_64-debian-gcc | 1.8.1 | 63.08 | 21.72 | 84.80 | OK | |
r-devel-linux-x86_64-fedora-clang | 1.8.1 | 196.59 | OK | |||
r-devel-linux-x86_64-fedora-gcc | 1.8.1 | 236.99 | OK | |||
r-devel-windows-x86_64 | 1.8.0 | 124.00 | 60.00 | 184.00 | OK | |
r-patched-linux-x86_64 | 1.8.0 | 92.29 | 23.43 | 115.72 | OK | |
r-release-linux-x86_64 | 1.8.0 | 88.86 | 23.81 | 112.67 | OK | |
r-release-macos-arm64 | 1.8.1 | 135.00 | OK | |||
r-release-macos-x86_64 | 1.8.1 | 211.00 | OK | |||
r-release-windows-x86_64 | 1.8.1 | 136.00 | 68.00 | 204.00 | OK | |
r-oldrel-macos-arm64 | 1.8.1 | 144.00 | NOTE | |||
r-oldrel-macos-x86_64 | 1.8.1 | 193.00 | NOTE | |||
r-oldrel-windows-x86_64 | 1.8.0 | 139.00 | 68.00 | 207.00 | NOTE |
Version: 1.8.1
Check: installed package size
Result: NOTE
installed size is 7.5Mb
sub-directories of 1Mb or more:
libs 7.1Mb
Flavors: r-oldrel-macos-arm64, r-oldrel-macos-x86_64
Version: 1.8.1
Check: for GNU extensions in Makefiles
Result: NOTE
GNU make is a SystemRequirements.
Flavors: r-oldrel-macos-arm64, r-oldrel-macos-x86_64
Version: 1.8.0
Check: for GNU extensions in Makefiles
Result: NOTE
GNU make is a SystemRequirements.
Flavor: r-oldrel-windows-x86_64