CRAN Package Check Results for Package SEA

Last updated on 2025-09-22 20:49:54 CEST.

Flavor Version Tinstall Tcheck Ttotal Status Flags
r-devel-linux-x86_64-debian-clang 2.0.1 266.34 685.42 951.76 OK
r-devel-linux-x86_64-debian-gcc 2.0.1 156.94 379.32 536.26 OK
r-devel-linux-x86_64-fedora-clang 2.0.1 1538.16 OK
r-devel-linux-x86_64-fedora-gcc 2.0.1 1446.98 OK
r-devel-windows-x86_64 2.0.1 215.00 430.00 645.00 OK
r-patched-linux-x86_64 2.0.1 248.69 641.16 889.85 OK
r-release-linux-x86_64 2.0.1 249.02 641.94 890.96 OK
r-release-macos-arm64 2.0.1 293.00 OK
r-release-macos-x86_64 2.0.1 640.00 OK
r-release-windows-x86_64 2.0.1 206.00 433.00 639.00 OK
r-oldrel-macos-arm64 2.0.1 254.00 NOTE
r-oldrel-macos-x86_64 2.0.1 478.00 NOTE
r-oldrel-windows-x86_64 2.0.1 327.00 621.00 948.00 NOTE

Check Details

Version: 2.0.1
Check: installed package size
Result: NOTE installed size is 9.2Mb sub-directories of 1Mb or more: R 8.6Mb Flavors: r-oldrel-macos-arm64, r-oldrel-macos-x86_64, r-oldrel-windows-x86_64