Last updated on 2025-09-22 20:49:37 CEST.
Flavor | Version | Tinstall | Tcheck | Ttotal | Status | Flags |
---|---|---|---|---|---|---|
r-devel-linux-x86_64-debian-clang | 0.3.2 | 72.75 | 449.13 | 521.88 | OK | |
r-devel-linux-x86_64-debian-gcc | 0.3.2 | 55.27 | 301.43 | 356.70 | OK | |
r-devel-linux-x86_64-fedora-clang | 0.3.2 | 879.60 | OK | |||
r-devel-linux-x86_64-fedora-gcc | 0.3.2 | 861.31 | OK | |||
r-devel-windows-x86_64 | 0.3.2 | 70.00 | 406.00 | 476.00 | OK | |
r-patched-linux-x86_64 | 0.3.2 | 65.77 | 431.27 | 497.04 | OK | |
r-release-linux-x86_64 | 0.3.2 | 72.74 | 432.77 | 505.51 | OK | |
r-release-macos-arm64 | 0.3.2 | 224.00 | OK | |||
r-release-macos-x86_64 | 0.3.2 | 338.00 | OK | |||
r-release-windows-x86_64 | 0.3.2 | 68.00 | 422.00 | 490.00 | OK | |
r-oldrel-macos-arm64 | 0.3.2 | 196.00 | NOTE | |||
r-oldrel-macos-x86_64 | 0.3.2 | 458.00 | NOTE | |||
r-oldrel-windows-x86_64 | 0.3.2 | 105.00 | 560.00 | 665.00 | NOTE |
Version: 0.3.2
Check: installed package size
Result: NOTE
installed size is 8.4Mb
sub-directories of 1Mb or more:
R 2.1Mb
data 5.3Mb
Flavors: r-oldrel-macos-arm64, r-oldrel-macos-x86_64, r-oldrel-windows-x86_64